f 30 and c.
6
Let d be 4*(0 + 4 + (-65)/20). Calculate the highest common divisor of d and 174.
3
Suppose 2*h = 2*o + 66, -57 - 85 = -4*h - o. Suppose -4*l + 5*s = -81, 2*l + 3*s + h - 92 = 0. Calculate the greatest common divisor of 6 and l.
6
Let r be (-12)/(-42) - 61/(-7). Let l(x) = x + 2. Let q be l(-8). Let k be ((-324)/8)/(3/q). What is the highest common factor of r and k?
9
Let k = -5 + 12. Suppose 3*o + 12 = 24. Suppose o*l = 5*l - 63. What is the greatest common factor of k and l?
7
Let s(t) = -t - 4. Let n be s(-5). Let a = n + 2. Suppose a*x = 6*d - 2*d + 37, -2*d = -5*x + 71. What is the highest common factor of x and 45?
15
Let g be (12/(-10))/(14/(-455)). What is the greatest common divisor of 52 and g?
13
Suppose -4*k + 16 = -4*q, -4*k - 4*q = -1 - 31. Suppose 2*u = 3 + 15. Let z = 15 - u. Calculate the greatest common divisor of z and k.
6
Let n = -17 + 30. Suppose 100 = -3*c + n*c. What is the greatest common factor of c and 10?
10
Let z be 0/(-2*(-3)/(-2) - -2). Let d be ((-207)/6 + z)*(-242)/33. What is the greatest common factor of 23 and d?
23
Suppose -16*j + 23*j = 56. Calculate the highest common divisor of j and 16.
8
Suppose 0 = -0*a - a - 18. Let s = a + 23. What is the greatest common factor of s and 25?
5
Let v be 84/28 - (-2 - 0). Suppose -2*p + 41 = -2*k - 5, 0 = 5*p + 3*k - 131. Calculate the greatest common factor of v and p.
5
Let o(w) be the third derivative of w**6/120 - 2*w**5/15 - w**4/6 - 17*w**3/6 - 40*w**2. Let r be o(10). Calculate the greatest common divisor of 13 and r.
13
Suppose 0*i - 2*i + 264 = 0. Let c be 8 - -14*20/70. What is the highest common factor of c and i?
12
Let t be (256/72)/((-3)/(-27)). What is the highest common factor of 6 and t?
2
Suppose -o = -3*w + 4, 3*o - 18 = w - 6. Let h(z) = z - 11*z + w*z - 10*z + 2. Let f be h(-2). Calculate the highest common factor of f and 9.
9
Let c(u) be the second derivative of 79*u**3/6 - 8*u**2 - 7*u. Let q be c(3). Calculate the greatest common divisor of q and 13.
13
Let q(r) = 3*r**3 - 14*r**2 - 79*r - 4. Let v be q(8). Calculate the greatest common divisor of 484 and v.
4
Let j be (-12)/18 - (-13)/(-3). Let g(u) = -u**3 - 5*u**2 + u + 4. Let a be g(j). Let x = 31 - a. Calculate the greatest common divisor of x and 8.
8
Let b(z) = -z**3 + 5*z**2 + 3*z - 7. Let h be b(5). Let v(p) = 0*p - 82 + 43 + p + 41. Let n be v(0). Calculate the highest common divisor of h and n.
2
Let o(u) = -u + 56. Let h be o(0). Suppose -2*p + 8 = -4*p, -13 = b + 4*p. Let t be -1 + (-3)/b + 10. Calculate the greatest common divisor of t and h.
8
Let d = 1347 + -1281. Calculate the highest common factor of 363 and d.
33
Suppose p - 2*i = 57, 5*p - 3*i - 208 = p. Suppose l + p + 8 = 0. Let z be (-12)/5*1330/l. Calculate the greatest common factor of 28 and z.
28
Suppose a + 92 = 268. What is the highest common divisor of 112 and a?
16
Let z(a) = -18*a + 83. Let v be z(4). Let i(s) = 18*s + 9. Let o be i(5). What is the greatest common divisor of v and o?
11
Suppose 4*v = -5*c + 41, -c - 19 = -4*c - v. Let n(t) = t**2 + 5*t - 1. Let b be (6/7)/((-11)/77). Let q be n(b). What is the highest common divisor of c and q?
5
Let q(l) = -18*l + 4. Let g(z) = -z**3 - 6*z**2 - 2*z - 9. Let n be g(-6). Let x be q(n). Let j = x + 85. What is the highest common divisor of j and 35?
35
Let i = -514 + 580. What is the highest common divisor of 825 and i?
33
Let k = 50 + -97. Let o = 62 + k. Calculate the highest common factor of 9 and o.
3
Suppose -362*c + 347*c + 75 = 0. What is the highest common factor of c and 115?
5
Let l(p) = p**2 + 18*p - 11. Let z be l(-19). Suppose 323 = z*b - 1189. What is the greatest common factor of 21 and b?
21
Let q be (3/(-4))/((105/644)/(-15)). Suppose 4*x = 2*j + 74, 0 = 3*x + x + 3*j - q. Calculate the greatest common divisor of 27 and x.
9
Suppose -19*l - 16*l + 19285 = 0. What is the greatest common divisor of 29 and l?
29
Let m = -8 + 18. Let h = m + -8. Suppose -22 = -h*c - 6. Calculate the greatest common divisor of 40 and c.
8
Let b be (3 + -3)/(-2) - -9. Let m(f) = -3*f + 18. Let q be m(-15). Calculate the greatest common factor of b and q.
9
Let g be 140/18 - 2/(-9). Let p be (-2)/(-8) + 11/(-44). Suppose -3*c - 12 + 48 = p. What is the highest common divisor of c and g?
4
Let c(t) = -t**2 - 15*t - 6. Let p be c(-14). Suppose -p = 2*a - 14. Let m be ((-8)/a)/((-28)/42). What is the highest common factor of m and 44?
4
Let z = -477 - -720. Calculate the highest common divisor of z and 54.
27
Let h = 11 + -9. Suppose 4*s + 2*a - a + 87 = 0, -a + 45 = -h*s. Let m be 10/55 - 480/s. What is the highest common factor of m and 66?
22
Suppose -6361 = -11*t - 333. Calculate the greatest common factor of t and 8.
4
Let v be 10*(-3 + (-2 + 7 - 3)). Let d be 5*((-90)/v)/(10/34). Calculate the highest common divisor of d and 17.
17
Let l = 6 + 8. Suppose -f = 5, -4*f = -4*s + 4 - 0. Let k be 4/s*-2 + 5. Calculate the highest common divisor of k and l.
7
Let o = 326 - 182. Let i(s) = -3*s**2 + 3*s - 3. Let r be i(1). Let p be r*3/9 + 19. Calculate the greatest common factor of p and o.
18
Let k = 99 - -52. Let d be k/(((-9)/(-3))/(-3)). Let u be (-12)/(-54) - d/9. Calculate the greatest common divisor of u and 17.
17
Let r = 10 - -27. Calculate the highest common divisor of 2 and r.
1
Suppose -2*d = 3*k - 512, k + 3*d - 164 = d. What is the highest common factor of 12 and k?
6
Suppose -p = -0*p - 7. Suppose 5*f + 462 = 2*s + 499, 5*f - 32 = -3*s. Calculate the greatest common divisor of p and f.
7
Suppose -8*r + 4065 + 2919 = 0. What is the greatest common divisor of 9 and r?
9
Let s be (-50)/4*(-3)/(90/408). What is the greatest common divisor of 3910 and s?
170
Suppose 127 = 40*v - 3553. What is the greatest common divisor of v and 506?
46
Suppose -1720 + 6040 = 20*u. What is the greatest common factor of 459 and u?
27
Let p(u) = u**3 + 11*u**2 - u - 3. Let y be p(5). What is the highest common factor of 49 and y?
49
Let m(n) = n**3 + 19*n**2 - 2*n - 34. Suppose -7*k = 140 - 7. Let w be m(k). What is the greatest common factor of 4 and w?
4
Let a be 8/(-2)*(-54)/3. Let l(d) = d**2 - 23*d + 46. Let i be l(21). Let k be 1 - ((-470)/20 - (-2)/i). Calculate the greatest common divisor of k and a.
24
Let y(q) = -q**3 + 11*q**2 - 5*q - 9. Let t be y(11). Let l = t - -72. What is the highest common factor of l and 40?
8
Let v be ((-684)/(-266))/((-1)/(-42)). What is the greatest common factor of 243 and v?
27
Let s = 29 + -26. Suppose 4*b + p = 90, 4*b - 3*p - s = 79. Suppose b*a + 128 = 26*a. Calculate the greatest common factor of a and 48.
16
Let g(u) = u**3 + 4*u**2 + 3*u + 2. Let c be g(-3). Suppose -x = -c*x + 5. Suppose 7*m - 36 = x*m. What is the greatest common divisor of 144 and m?
18
Let j be (-12)/(0 - -2) - 182/(-14). Calculate the greatest common factor of j and 49.
7
Let r be 2 + (26 - (-3)/3). Let x = 92 - r. Suppose 3*a = -x + 171. Calculate the greatest common divisor of 24 and a.
12
Let f = -309 + 342. Calculate the greatest common factor of 528 and f.
33
Suppose 0 = m + 5*y - 14, 3*m - 3*y + 2*y = 74. Let z be ((-6)/m)/((-2)/24). Let l be -1 + z + 8 - 1. What is the highest common divisor of 36 and l?
9
Let g = -35 - -39. Suppose -4*d + g*s + 124 = -0*d, -5*d = s - 131. What is the highest common divisor of 27 and d?
27
Let o(w) = -w**3 - 4*w**2 + 11*w - 26. Let k be o(-7). Calculate the highest common divisor of 8 and k.
4
Suppose y - 5*y = -1140. Suppose 5*l + 45 = y. Let g be (-6)/(l/(-22) - -2). Calculate the highest common divisor of 3 and g.
3
Let w(s) = 7*s**3 + 2*s - 8*s**3 - 2 - 4 - 2*s**2 + 3. Let f be w(-3). Suppose f = l - 5 - 2. What is the highest common divisor of 63 and l?
7
Let d(o) = 10*o + 9. Let u = -63 + 72. Let k be d(u). What is the greatest common factor of k and 11?
11
Let i be 179 - (12/(-9) + (-144)/(-27)). What is the highest common divisor of 50 and i?
25
Suppose 9*b + 3*b - 1980 = 0. What is the highest common divisor of b and 180?
15
Let j = 5 + 58. Let r = 131 + -110. What is the highest common factor of j and r?
21
Suppose 14*x = 3*x - 946. Let n = x - -95. Calculate the highest common factor of n and 117.
9
Let u = -127 - -184. Let f = -80 - -118. What is the highest common divisor of f and u?
19
Let i